.
9
What is the remainder when 6027 is divided by 1205?
2
What is the remainder when 285334 is divided by 110?
104
Calculate the remainder when 23355 is divided by 4653.
90
What is the remainder when 55063 is divided by 52?
47
What is the remainder when 3795 is divided by 1253?
36
What is the remainder when 4196 is divided by 45?
11
What is the remainder when 8300 is divided by 919?
29
Calculate the remainder when 64906 is divided by 16173.
214
Calculate the remainder when 6114 is divided by 79.
31
What is the remainder when 14428 is divided by 114?
64
What is the remainder when 116688 is divided by 3?
0
Calculate the remainder when 14188 is divided by 66.
64
Calculate the remainder when 2192 is divided by 182.
8
What is the remainder when 19458 is divided by 1767?
21
What is the remainder when 1029401 is divided by 1835?
1801
Calculate the remainder when 10812 is divided by 4861.
1090
Calculate the remainder when 3043 is divided by 119.
68
What is the remainder when 31581 is divided by 16?
13
What is the remainder when 56825 is divided by 902?
901
What is the remainder when 4233 is divided by 169?
8
Calculate the remainder when 551058 is divided by 469.
452
What is the remainder when 1122367 is divided by 109?
103
Calculate the remainder when 76971 is divided by 3207.
3
Calculate the remainder when 12677 is divided by 363.
335
Calculate the remainder when 47997 is divided by 150.
147
Calculate the remainder when 30460 is divided by 247.
79
Calculate the remainder when 6610 is divided by 236.
2
What is the remainder when 822 is divided by 134?
18
What is the remainder when 1322373 is divided by 12?
9
What is the remainder when 415070 is divided by 136?
134
What is the remainder when 756 is divided by 220?
96
What is the remainder when 16258 is divided by 244?
154
What is the remainder when 1921 is divided by 220?
161
Calculate the remainder when 53244 is divided by 106.
32
Calculate the remainder when 10167 is divided by 276.
231
Calculate the remainder when 108481 is divided by 37.
34
What is the remainder when 2903 is divided by 90?
23
Calculate the remainder when 777794 is divided by 194448.
2
Calculate the remainder when 29333 is divided by 1627.
47
What is the remainder when 4126 is divided by 1028?
14
Calculate the remainder when 14018 is divided by 368.
34
Calculate the remainder when 115372 is divided by 8240.
12
What is the remainder when 543821 is divided by 82?
79
Calculate the remainder when 821 is divided by 44.
29
Calculate the remainder when 3236 is divided by 52.
12
What is the remainder when 973534 is divided by 44?
34
What is the remainder when 369239 is divided by 9?
5
What is the remainder when 32617 is divided by 131?
129
What is the remainder when 1444 is divided by 694?
56
Calculate the remainder when 3871 is divided by 1925.
21
What is the remainder when 3373634 is divided by 497?
495
Calculate the remainder when 676606 is divided by 65.
21
What is the remainder when 2095 is divided by 231?
16
What is the remainder when 5898 is divided by 656?
650
What is the remainder when 11411 is divided by 94?
37
Calculate the remainder when 7945 is divided by 1925.
245
What is the remainder when 87182 is divided by 614?
608
What is the remainder when 11552 is divided by 90?
32
What is the remainder when 7336 is divided by 40?
16
Calculate the remainder when 210770 is divided by 667.
665
What is the remainder when 392945 is divided by 509?
506
What is the remainder when 64784 is divided by 32392?
0
What is the remainder when 54471 is divided by 619?
618
What is the remainder when 20898 is divided by 20872?
26
What is the remainder when 245041 is divided by 19?
17
What is the remainder when 28656 is divided by 382?
6
What is the remainder when 54902 is divided by 646?
638
What is the remainder when 14549 is divided by 22?
7
Calculate the remainder when 85656 is divided by 1008.
984
What is the remainder when 40386 is divided by 66?
60
Calculate the remainder when 17256 is divided by 8616.
24
What is the remainder when 402994 is divided by 52?
46
What is the remainder when 19736 is divided by 129?
128
What is the remainder when 1800 is divided by 896?
8
Calculate the remainder when 2877 is divided by 966.
945
What is the remainder when 510142 is divided by 2?
0
Calculate the remainder when 30102 is divided by 45.
42
Calculate the remainder when 2740 is divided by 95.
80
What is the remainder when 7837 is divided by 903?
613
Calculate the remainder when 14816 is divided by 7340.
136
What is the remainder when 161194 is divided by 707?
705
What is the remainder when 1543918 is divided by 23?
20
Calculate the remainder when 151560 is divided by 75780.
0
Calculate the remainder when 4753 is divided by 2274.
205
What is the remainder when 14714 is divided by 32?
26
What is the remainder when 1955891 is divided by 778?
777
Calculate the remainder when 70957 is divided by 285.
277
Calculate the remainder when 320665 is divided by 93.
1
What is the remainder when 18011 is divided by 4?
3
Calculate the remainder when 19540 is divided by 1305.
1270
Calculate the remainder when 231515 is divided by 261.
8
What is the remainder when 71529 is divided by 311?
310
Calculate the remainder when 607 is divided by 41.
33
Calculate the remainder when 845 is divided by 133.
47
Calculate the remainder when 272611 is divided by 121.
119
Calculate the remainder when 8094 is divided by 674.
6
What is the remainder when 1525 is divided by 507?
4
What is the remainder when 13283 is divided by 14?
11
What is the remainder when 14015 is divided by 1999?
22
Calculate the remainder when 911 is divided by 93.
74
What is the remainder when 312911 is divided by 14223?
5
What is the remainder when 93318 is divided by 2222?
2216
What is the remainder when 9396 is divided by 116?
0
Calculate the remainder when 22119 is divided by 7228.
435
What is the remainder when 18131 is divided by 1514?
1477
Calculate the remainder when 1324 is divided by 35.
29
What is the remainder when 16373 is divided by 167?
7
What is the remainder when 8211 is divided by 483?
0
Calculate the remainder when 15937 is divided by 3186.
7
Calculate the remainder when 1557 is divided by 334.
221
Calculate the remainder when 1851803 is divided by 967.
965
What is the remainder when 113038 is divided by 157?
155
What is the remainder when 2828158 is divided by 640?
638
Calculate the remainder when 80376 is divided by 183.
39
What is the remainder when 89097 is divided by 29689?
30
What is the remainder when 254398 is divided by 10?
8
What is the remainder when 6424 is divided by 48?
40
What is the remainder when 4924 is divided by 123?
4
Calculate the remainder when 3242 is divided by 9.
2
What is the remainder when 1520154 is divided by 40?
34
Calculate the remainder when 73519 is divided by 27.
25
Calculate the remainder when 10412 is divided by 101.
9
What is the remainder when 37726 is divided by 5386?
24
What is the remainder when 1629 is divided by 400?
29
What is the remainder when 1470126 is divided by 1164?
1158
Calculate the remainder when 62290 is divided by 13.
7
Calculate the remainder when 51205 is divided by 8534.
1
Calculate the remainder when 51135 is divided by 316.
259
Calculate the remainder when 828 is divided by 36.
0
What is the remainder when 89943 is divided by 40?
23
What is the remainder when 333719 is divided by 40?
39
What is the remainder when 28187 is divided by 66?
5
Calculate the remainder when 41672 is divided by 1736.
8
What is the remainder when 463615 is divided by 11?
9
Calculate the remainder when 21919 is divided by 92.
23
What is the remainder when 12846 is divided by 290?
86
Calculate the remainder when 2060 is divided by 35.
30
What is the remainder when 1012491 is divided by 7?
4
Calculate the remainder when 3550 is divided by 1164.
58
What is the remainder when 3321 is divided by 139?
124
What is the remainder when 29206 is divided by 1825?
6
Calculate the remainder when 105650 is divided by 539.
6
Calculate the remainder when 5830 is divided by 59.
48
What is the remainder when 290 is divided by 43?
32
What is the remainder when 23535 is divided by 449?
187
Calculate the remainder when 1155 is divided by 562.
31
Calculate the remainder when 8569 is di